
{"id":1604,"date":"2021-03-18T09:16:18","date_gmt":"2021-03-18T08:16:18","guid":{"rendered":"https:\/\/novogradnje-maribor.si\/dravski-kristali\/?page_id=1604"},"modified":"2026-02-17T12:47:24","modified_gmt":"2026-02-17T11:47:24","slug":"kontakt","status":"publish","type":"page","link":"https:\/\/novogradnje-maribor.si\/dravski-kristali\/kontakt\/","title":{"rendered":"Kontakt"},"content":{"rendered":"<p><div class=\"fusion-fullwidth fullwidth-box fusion-builder-row-1 fusion-flex-container nonhundred-percent-fullwidth non-hundred-percent-height-scrolling\" style=\"background-color: rgba(255,255,255,0);background-position: center center;background-repeat: no-repeat;border-width: 0px 0px 0px 0px;border-color:#eae9e9;border-style:solid;\" ><div class=\"fusion-builder-row fusion-row fusion-flex-align-items-flex-start\" style=\"max-width:1237.6px;margin-left: calc(-4% \/ 2 );margin-right: calc(-4% \/ 2 );\"><div class=\"fusion-layout-column fusion_builder_column fusion-builder-column-0 fusion_builder_column_2_3 2_3 fusion-flex-column\"><div class=\"fusion-column-wrapper fusion-flex-justify-content-flex-start fusion-content-layout-column\" style=\"background-position:left top;background-repeat:no-repeat;-webkit-background-size:cover;-moz-background-size:cover;-o-background-size:cover;background-size:cover;padding: 0px 0px 0px 0px;\"><div ><span class=\" fusion-imageframe imageframe-none imageframe-1 hover-type-none\"><img decoding=\"async\" width=\"1440\" height=\"961\" title=\"Fotka- kontakt \u2013 kopija\" src=\"https:\/\/novogradnje-maribor.si\/dravski-kristali\/wp-content\/uploads\/2022\/12\/Fotka-kontakt-\u2013-kopija.jpg\" data-orig-src=\"https:\/\/novogradnje-maribor.si\/dravski-kristali\/wp-content\/uploads\/2022\/12\/Fotka-kontakt-\u2013-kopija.jpg\" alt class=\"lazyload img-responsive wp-image-6240\" srcset=\"data:image\/svg+xml,%3Csvg%20xmlns%3D%27http%3A%2F%2Fwww.w3.org%2F2000%2Fsvg%27%20width%3D%271440%27%20height%3D%27961%27%20viewBox%3D%270%200%201440%20961%27%3E%3Crect%20width%3D%271440%27%20height%3D%27961%27%20fill-opacity%3D%220%22%2F%3E%3C%2Fsvg%3E\" data-srcset=\"https:\/\/novogradnje-maribor.si\/dravski-kristali\/wp-content\/uploads\/2022\/12\/Fotka-kontakt-\u2013-kopija-200x133.jpg 200w, https:\/\/novogradnje-maribor.si\/dravski-kristali\/wp-content\/uploads\/2022\/12\/Fotka-kontakt-\u2013-kopija-400x267.jpg 400w, https:\/\/novogradnje-maribor.si\/dravski-kristali\/wp-content\/uploads\/2022\/12\/Fotka-kontakt-\u2013-kopija-600x400.jpg 600w, https:\/\/novogradnje-maribor.si\/dravski-kristali\/wp-content\/uploads\/2022\/12\/Fotka-kontakt-\u2013-kopija-800x534.jpg 800w, https:\/\/novogradnje-maribor.si\/dravski-kristali\/wp-content\/uploads\/2022\/12\/Fotka-kontakt-\u2013-kopija-1200x801.jpg 1200w, https:\/\/novogradnje-maribor.si\/dravski-kristali\/wp-content\/uploads\/2022\/12\/Fotka-kontakt-\u2013-kopija.jpg 1440w\" data-sizes=\"auto\" data-orig-sizes=\"(max-width: 640px) 100vw, 800px\" \/><\/span><\/div><\/div><style type=\"text\/css\">.fusion-body .fusion-builder-column-0{width:66.666666666667% !important;margin-top : 0px;margin-bottom : 20px;}.fusion-builder-column-0 > .fusion-column-wrapper {padding-top : 0px !important;padding-right : 0px !important;margin-right : 2.88%;padding-bottom : 0px !important;padding-left : 0px !important;margin-left : 2.88%;}@media only screen and (max-width:1024px) {.fusion-body .fusion-builder-column-0{width:66.666666666667% !important;}.fusion-builder-column-0 > .fusion-column-wrapper {margin-right : 2.88%;margin-left : 2.88%;}}@media only screen and (max-width:640px) {.fusion-body .fusion-builder-column-0{width:100% !important;}.fusion-builder-column-0 > .fusion-column-wrapper {margin-right : 1.92%;margin-left : 1.92%;}}<\/style><\/div><div class=\"fusion-layout-column fusion_builder_column fusion-builder-column-1 fusion_builder_column_1_3 1_3 fusion-flex-column\"><div class=\"fusion-column-wrapper fusion-flex-justify-content-flex-start fusion-content-layout-column\" style=\"background-position:left top;background-repeat:no-repeat;-webkit-background-size:cover;-moz-background-size:cover;-o-background-size:cover;background-size:cover;padding: 0px 0px 0px 0px;\"><div class=\"fusion-text fusion-text-1\"><h3 style=\"text-align: center;\">Informacije o projektu<\/h3>\n<h3 style=\"text-align: center;\"><a href=\"tel:031824000\"><strong>031 824 000<\/strong><\/a><\/h3>\n<h3 style=\"text-align: center;\"><a href=\"tel:031442999\"><strong>031 442 999<\/strong><\/a><\/h3>\n<p style=\"text-align: center;\">Maribor, Glavni trg 18<\/p>\n<p style=\"text-align: center;\">PONEDELJEK od 8:00 do 17:00 ure, TOREK &#8211; PETEK od 8:00 do 16:00 ure<\/p>\n<p style=\"text-align: center;\">Ob obisku vam omogo\u010damo brezpla\u010dno parkiranje v podzemni gara\u017ei na Glavnem trgu.<\/p>\n<\/div><div class=\"fusion-text fusion-text-2\" style=\"margin-top:-10%;\"><h5 style=\"text-align: center;\">\u00a0<a href=\"mailto:kristali@novogradnje-maribor.si\">kristali@novogradnje-maribor.si<\/a><\/h5>\n<\/div><\/div><style type=\"text\/css\">.fusion-body .fusion-builder-column-1{width:33.333333333333% !important;margin-top : 0px;margin-bottom : 20px;}.fusion-builder-column-1 > .fusion-column-wrapper {padding-top : 0px !important;padding-right : 0px !important;margin-right : 5.76%;padding-bottom : 0px !important;padding-left : 0px !important;margin-left : 5.76%;}@media only screen and (max-width:1024px) {.fusion-body .fusion-builder-column-1{width:33.333333333333% !important;}.fusion-builder-column-1 > .fusion-column-wrapper {margin-right : 5.76%;margin-left : 5.76%;}}@media only screen and (max-width:640px) {.fusion-body .fusion-builder-column-1{width:100% !important;}.fusion-builder-column-1 > .fusion-column-wrapper {margin-right : 1.92%;margin-left : 1.92%;}}<\/style><\/div><\/div><style type=\"text\/css\">.fusion-body .fusion-flex-container.fusion-builder-row-1{ padding-top : 0px;margin-top : 5;padding-right : 0px;padding-bottom : 0px;margin-bottom : 0px;padding-left : 0px;}<\/style><\/div><div class=\"fusion-fullwidth fullwidth-box fusion-builder-row-2 fusion-flex-container has-pattern-background has-mask-background nonhundred-percent-fullwidth non-hundred-percent-height-scrolling\" style=\"background-color: rgba(255,255,255,0);background-position: center center;background-repeat: no-repeat;border-width: 0px 0px 0px 0px;border-color:#eae9e9;border-style:solid;\" ><div class=\"fusion-builder-row fusion-row fusion-flex-align-items-flex-start\" style=\"max-width:1237.6px;margin-left: calc(-4% \/ 2 );margin-right: calc(-4% \/ 2 );\"><div class=\"fusion-layout-column fusion_builder_column fusion-builder-column-2 fusion_builder_column_1_1 1_1 fusion-flex-column\"><div class=\"fusion-column-wrapper fusion-flex-justify-content-flex-start fusion-content-layout-column\" style=\"background-position:left top;background-repeat:no-repeat;-webkit-background-size:cover;-moz-background-size:cover;-o-background-size:cover;background-size:cover;padding: 0px 0px 0px 0px;\"><div class=\"fusion-image-carousel fusion-image-carousel-auto fusion-image-carousel-1 lightbox-enabled fusion-carousel-border\"><div class=\"fusion-carousel\" data-autoplay=\"yes\" data-columns=\"5\" data-itemmargin=\"9\" data-itemwidth=\"180\" data-touchscroll=\"no\" data-imagesize=\"auto\"><div class=\"fusion-carousel-positioner\"><ul class=\"fusion-carousel-holder\"><li class=\"fusion-carousel-item\"><div class=\"fusion-carousel-item-wrapper\"><div class=\"fusion-image-wrapper hover-type-zoomin\"><a data-rel=\"iLightbox[image_carousel_1]\" data-title=\"p1o\" aria-label=\"p1o\" href=\"https:\/\/novogradnje-maribor.si\/dravski-kristali\/wp-content\/uploads\/2023\/02\/p1o.jpg\" target=\"_self\"><img decoding=\"async\" width=\"1000\" height=\"562\" src=\"https:\/\/novogradnje-maribor.si\/dravski-kristali\/wp-content\/uploads\/2023\/02\/p1o.jpg\" class=\"attachment-full size-full lazyload\" alt=\"\" srcset=\"data:image\/svg+xml,%3Csvg%20xmlns%3D%27http%3A%2F%2Fwww.w3.org%2F2000%2Fsvg%27%20width%3D%271000%27%20height%3D%27562%27%20viewBox%3D%270%200%201000%20562%27%3E%3Crect%20width%3D%271000%27%20height%3D%27562%27%20fill-opacity%3D%220%22%2F%3E%3C%2Fsvg%3E\" data-orig-src=\"https:\/\/novogradnje-maribor.si\/dravski-kristali\/wp-content\/uploads\/2023\/02\/p1o.jpg\" data-srcset=\"https:\/\/novogradnje-maribor.si\/dravski-kristali\/wp-content\/uploads\/2023\/02\/p1o-200x112.jpg 200w, https:\/\/novogradnje-maribor.si\/dravski-kristali\/wp-content\/uploads\/2023\/02\/p1o-400x225.jpg 400w, https:\/\/novogradnje-maribor.si\/dravski-kristali\/wp-content\/uploads\/2023\/02\/p1o-600x337.jpg 600w, https:\/\/novogradnje-maribor.si\/dravski-kristali\/wp-content\/uploads\/2023\/02\/p1o-800x450.jpg 800w, https:\/\/novogradnje-maribor.si\/dravski-kristali\/wp-content\/uploads\/2023\/02\/p1o.jpg 1000w\" data-sizes=\"auto\" \/><\/a><\/div><\/div><\/li><li class=\"fusion-carousel-item\"><div class=\"fusion-carousel-item-wrapper\"><div class=\"fusion-image-wrapper hover-type-zoomin\"><a data-rel=\"iLightbox[image_carousel_1]\" data-title=\"p2o\" aria-label=\"p2o\" href=\"https:\/\/novogradnje-maribor.si\/dravski-kristali\/wp-content\/uploads\/2023\/02\/p2o.jpg\" target=\"_self\"><img decoding=\"async\" width=\"1000\" height=\"562\" src=\"https:\/\/novogradnje-maribor.si\/dravski-kristali\/wp-content\/uploads\/2023\/02\/p2o.jpg\" class=\"attachment-full size-full lazyload\" alt=\"\" srcset=\"data:image\/svg+xml,%3Csvg%20xmlns%3D%27http%3A%2F%2Fwww.w3.org%2F2000%2Fsvg%27%20width%3D%271000%27%20height%3D%27562%27%20viewBox%3D%270%200%201000%20562%27%3E%3Crect%20width%3D%271000%27%20height%3D%27562%27%20fill-opacity%3D%220%22%2F%3E%3C%2Fsvg%3E\" data-orig-src=\"https:\/\/novogradnje-maribor.si\/dravski-kristali\/wp-content\/uploads\/2023\/02\/p2o.jpg\" data-srcset=\"https:\/\/novogradnje-maribor.si\/dravski-kristali\/wp-content\/uploads\/2023\/02\/p2o-200x112.jpg 200w, https:\/\/novogradnje-maribor.si\/dravski-kristali\/wp-content\/uploads\/2023\/02\/p2o-400x225.jpg 400w, https:\/\/novogradnje-maribor.si\/dravski-kristali\/wp-content\/uploads\/2023\/02\/p2o-600x337.jpg 600w, https:\/\/novogradnje-maribor.si\/dravski-kristali\/wp-content\/uploads\/2023\/02\/p2o-800x450.jpg 800w, https:\/\/novogradnje-maribor.si\/dravski-kristali\/wp-content\/uploads\/2023\/02\/p2o.jpg 1000w\" data-sizes=\"auto\" \/><\/a><\/div><\/div><\/li><li class=\"fusion-carousel-item\"><div class=\"fusion-carousel-item-wrapper\"><div class=\"fusion-image-wrapper hover-type-zoomin\"><a data-rel=\"iLightbox[image_carousel_1]\" data-title=\"p3o\" aria-label=\"p3o\" href=\"https:\/\/novogradnje-maribor.si\/dravski-kristali\/wp-content\/uploads\/2023\/02\/p3o.jpg\" target=\"_self\"><img decoding=\"async\" width=\"1000\" height=\"562\" src=\"https:\/\/novogradnje-maribor.si\/dravski-kristali\/wp-content\/uploads\/2023\/02\/p3o.jpg\" class=\"attachment-full size-full lazyload\" alt=\"\" srcset=\"data:image\/svg+xml,%3Csvg%20xmlns%3D%27http%3A%2F%2Fwww.w3.org%2F2000%2Fsvg%27%20width%3D%271000%27%20height%3D%27562%27%20viewBox%3D%270%200%201000%20562%27%3E%3Crect%20width%3D%271000%27%20height%3D%27562%27%20fill-opacity%3D%220%22%2F%3E%3C%2Fsvg%3E\" data-orig-src=\"https:\/\/novogradnje-maribor.si\/dravski-kristali\/wp-content\/uploads\/2023\/02\/p3o.jpg\" data-srcset=\"https:\/\/novogradnje-maribor.si\/dravski-kristali\/wp-content\/uploads\/2023\/02\/p3o-200x112.jpg 200w, https:\/\/novogradnje-maribor.si\/dravski-kristali\/wp-content\/uploads\/2023\/02\/p3o-400x225.jpg 400w, https:\/\/novogradnje-maribor.si\/dravski-kristali\/wp-content\/uploads\/2023\/02\/p3o-600x337.jpg 600w, https:\/\/novogradnje-maribor.si\/dravski-kristali\/wp-content\/uploads\/2023\/02\/p3o-800x450.jpg 800w, https:\/\/novogradnje-maribor.si\/dravski-kristali\/wp-content\/uploads\/2023\/02\/p3o.jpg 1000w\" data-sizes=\"auto\" \/><\/a><\/div><\/div><\/li><li class=\"fusion-carousel-item\"><div class=\"fusion-carousel-item-wrapper\"><div class=\"fusion-image-wrapper hover-type-zoomin\"><a data-rel=\"iLightbox[image_carousel_1]\" data-title=\"p4o\" aria-label=\"p4o\" href=\"https:\/\/novogradnje-maribor.si\/dravski-kristali\/wp-content\/uploads\/2023\/02\/p4o.jpg\" target=\"_self\"><img decoding=\"async\" width=\"1000\" height=\"570\" src=\"https:\/\/novogradnje-maribor.si\/dravski-kristali\/wp-content\/uploads\/2023\/02\/p4o.jpg\" class=\"attachment-full size-full lazyload\" alt=\"\" srcset=\"data:image\/svg+xml,%3Csvg%20xmlns%3D%27http%3A%2F%2Fwww.w3.org%2F2000%2Fsvg%27%20width%3D%271000%27%20height%3D%27570%27%20viewBox%3D%270%200%201000%20570%27%3E%3Crect%20width%3D%271000%27%20height%3D%27570%27%20fill-opacity%3D%220%22%2F%3E%3C%2Fsvg%3E\" data-orig-src=\"https:\/\/novogradnje-maribor.si\/dravski-kristali\/wp-content\/uploads\/2023\/02\/p4o.jpg\" data-srcset=\"https:\/\/novogradnje-maribor.si\/dravski-kristali\/wp-content\/uploads\/2023\/02\/p4o-200x114.jpg 200w, https:\/\/novogradnje-maribor.si\/dravski-kristali\/wp-content\/uploads\/2023\/02\/p4o-400x228.jpg 400w, https:\/\/novogradnje-maribor.si\/dravski-kristali\/wp-content\/uploads\/2023\/02\/p4o-600x342.jpg 600w, https:\/\/novogradnje-maribor.si\/dravski-kristali\/wp-content\/uploads\/2023\/02\/p4o-800x456.jpg 800w, https:\/\/novogradnje-maribor.si\/dravski-kristali\/wp-content\/uploads\/2023\/02\/p4o.jpg 1000w\" data-sizes=\"auto\" \/><\/a><\/div><\/div><\/li><li class=\"fusion-carousel-item\"><div class=\"fusion-carousel-item-wrapper\"><div class=\"fusion-image-wrapper hover-type-zoomin\"><a data-rel=\"iLightbox[image_carousel_1]\" data-title=\"p5o\" aria-label=\"p5o\" href=\"https:\/\/novogradnje-maribor.si\/dravski-kristali\/wp-content\/uploads\/2023\/02\/p5o.jpg\" target=\"_self\"><img decoding=\"async\" width=\"1000\" height=\"562\" src=\"https:\/\/novogradnje-maribor.si\/dravski-kristali\/wp-content\/uploads\/2023\/02\/p5o.jpg\" class=\"attachment-full size-full lazyload\" alt=\"\" srcset=\"data:image\/svg+xml,%3Csvg%20xmlns%3D%27http%3A%2F%2Fwww.w3.org%2F2000%2Fsvg%27%20width%3D%271000%27%20height%3D%27562%27%20viewBox%3D%270%200%201000%20562%27%3E%3Crect%20width%3D%271000%27%20height%3D%27562%27%20fill-opacity%3D%220%22%2F%3E%3C%2Fsvg%3E\" data-orig-src=\"https:\/\/novogradnje-maribor.si\/dravski-kristali\/wp-content\/uploads\/2023\/02\/p5o.jpg\" data-srcset=\"https:\/\/novogradnje-maribor.si\/dravski-kristali\/wp-content\/uploads\/2023\/02\/p5o-200x112.jpg 200w, https:\/\/novogradnje-maribor.si\/dravski-kristali\/wp-content\/uploads\/2023\/02\/p5o-400x225.jpg 400w, https:\/\/novogradnje-maribor.si\/dravski-kristali\/wp-content\/uploads\/2023\/02\/p5o-600x337.jpg 600w, https:\/\/novogradnje-maribor.si\/dravski-kristali\/wp-content\/uploads\/2023\/02\/p5o-800x450.jpg 800w, https:\/\/novogradnje-maribor.si\/dravski-kristali\/wp-content\/uploads\/2023\/02\/p5o.jpg 1000w\" data-sizes=\"auto\" \/><\/a><\/div><\/div><\/li><li class=\"fusion-carousel-item\"><div class=\"fusion-carousel-item-wrapper\"><div class=\"fusion-image-wrapper hover-type-zoomin\"><a data-rel=\"iLightbox[image_carousel_1]\" data-title=\"p6o\" aria-label=\"p6o\" href=\"https:\/\/novogradnje-maribor.si\/dravski-kristali\/wp-content\/uploads\/2023\/02\/p6o.jpg\" target=\"_self\"><img decoding=\"async\" width=\"999\" height=\"562\" src=\"https:\/\/novogradnje-maribor.si\/dravski-kristali\/wp-content\/uploads\/2023\/02\/p6o.jpg\" class=\"attachment-full size-full lazyload\" alt=\"\" srcset=\"data:image\/svg+xml,%3Csvg%20xmlns%3D%27http%3A%2F%2Fwww.w3.org%2F2000%2Fsvg%27%20width%3D%27999%27%20height%3D%27562%27%20viewBox%3D%270%200%20999%20562%27%3E%3Crect%20width%3D%27999%27%20height%3D%27562%27%20fill-opacity%3D%220%22%2F%3E%3C%2Fsvg%3E\" data-orig-src=\"https:\/\/novogradnje-maribor.si\/dravski-kristali\/wp-content\/uploads\/2023\/02\/p6o.jpg\" data-srcset=\"https:\/\/novogradnje-maribor.si\/dravski-kristali\/wp-content\/uploads\/2023\/02\/p6o-200x113.jpg 200w, https:\/\/novogradnje-maribor.si\/dravski-kristali\/wp-content\/uploads\/2023\/02\/p6o-400x225.jpg 400w, https:\/\/novogradnje-maribor.si\/dravski-kristali\/wp-content\/uploads\/2023\/02\/p6o-600x338.jpg 600w, https:\/\/novogradnje-maribor.si\/dravski-kristali\/wp-content\/uploads\/2023\/02\/p6o-800x450.jpg 800w, https:\/\/novogradnje-maribor.si\/dravski-kristali\/wp-content\/uploads\/2023\/02\/p6o.jpg 999w\" data-sizes=\"auto\" \/><\/a><\/div><\/div><\/li><\/ul><\/div><\/div><\/div><\/div><style type=\"text\/css\">.fusion-body .fusion-builder-column-2{width:100% !important;margin-top : 0px;margin-bottom : 20px;}.fusion-builder-column-2 > .fusion-column-wrapper {padding-top : 0px !important;padding-right : 0px !important;margin-right : 1.92%;padding-bottom : 0px !important;padding-left : 0px !important;margin-left : 1.92%;}@media only screen and (max-width:1024px) {.fusion-body .fusion-builder-column-2{width:100% !important;order : 0;}.fusion-builder-column-2 > .fusion-column-wrapper {margin-right : 1.92%;margin-left : 1.92%;}}@media only screen and (max-width:640px) {.fusion-body .fusion-builder-column-2{width:100% !important;order : 0;}.fusion-builder-column-2 > .fusion-column-wrapper {margin-right : 1.92%;margin-left : 1.92%;}}<\/style><\/div><\/div><style type=\"text\/css\">.fusion-body .fusion-flex-container.fusion-builder-row-2{ padding-top : 0px;margin-top : 0px;padding-right : 0px;padding-bottom : 0px;margin-bottom : 0px;padding-left : 0px;}<\/style><\/div><div class=\"fusion-fullwidth fullwidth-box fusion-builder-row-3 fusion-flex-container has-pattern-background has-mask-background nonhundred-percent-fullwidth non-hundred-percent-height-scrolling\" style=\"background-color: rgba(255,255,255,0);background-position: center center;background-repeat: no-repeat;border-width: 0px 0px 0px 0px;border-color:#eae9e9;border-style:solid;\" ><div class=\"fusion-builder-row fusion-row fusion-flex-align-items-flex-start\" style=\"max-width:1237.6px;margin-left: calc(-4% \/ 2 );margin-right: calc(-4% \/ 2 );\"><div class=\"fusion-layout-column fusion_builder_column fusion-builder-column-3 fusion_builder_column_1_1 1_1 fusion-flex-column\"><div class=\"fusion-column-wrapper fusion-flex-justify-content-flex-start fusion-content-layout-column\" style=\"background-position:left top;background-repeat:no-repeat;-webkit-background-size:cover;-moz-background-size:cover;-o-background-size:cover;background-size:cover;padding: 0px 0px 0px 0px;\"><h1 style=\"text-align:center; margin:10px 0 0 0\">Parkirna hi\u0161a (Parking space)<\/h1>\n<h3 style=\"text-align:center; margin:0 0 10px 0\">Za vstop pokli\u010dite: 031 442 999<\/h3><style>\n  #map {\n    width: 100%;\n    height: 700px;\n  }\n  @media only screen and (max-width: 600px) {\n    #map {\n      height: 400px;\n    }\n  }\n<\/style>\n \n<div id=\"map\"><\/div>\n\n    <script>\n      function initMap() {\n        var myLatLng = { lat: 46.557641, lng: 15.647374};\n        var startZoom = 15;\n        var endZoom = 25;\n        var zoomDuration = 10000;\n        var streetViewDelay = 10000;\n\n        var map = new google.maps.Map(document.getElementById('map'), {\n          zoom: startZoom,\n          center: myLatLng,\n          mapTypeId: google.maps.MapTypeId.SATELLITE\n        });\n\n        var marker = new google.maps.Marker({\n          position: myLatLng,\n          map: map,\n          title: 'My Location'\n        });\n\n        var currentZoom = startZoom;\n        var zoomStep = (endZoom - startZoom) \/ (zoomDuration \/ 100);\n        var zoomInterval;\n\n        var options = {\n          root: null,\n          rootMargin: '0px',\n          threshold: 0.5\n        };\n\n        var observer = new IntersectionObserver(function(entries, observer) {\n          entries.forEach(function(entry) {\n            if (entry.isIntersecting) {\n              clearInterval(zoomInterval);\n\n              zoomInterval = setInterval(function() {\n                currentZoom += zoomStep;\n                map.setZoom(currentZoom);\n\n                if (currentZoom >= endZoom) {\n                  clearInterval(zoomInterval);\n                }\n              }, 100);\n\n              observer.unobserve(entry.target);\n            }\n          });\n        }, options);\n\n        observer.observe(document.getElementById('map'));\n\n        setTimeout(function() {\n          var panorama = new google.maps.StreetViewPanorama(document.getElementById('map'), {\n            position: myLatLng,\n            pov: {\n              heading: 0,\n              pitch: 0\n            },\n            zoom: 0\n          });\n          map.setStreetView(panorama);\n\n          var streetViewMarker = new google.maps.Marker({\n            position: myLatLng,\n            map: panorama,\n            title: 'Gara\u017ea (Parking)'\n          });\n\n          var infowindow = new google.maps.InfoWindow({\n            content: 'Gara\u017ea (Parking)' \/\/ Content to display in the InfoWindow\n          });\n\n          infowindow.open(panorama, streetViewMarker);\n        }, streetViewDelay);\n      }\n    <\/script>\n    <!-- Include the Google Maps API script -->\n    <script async defer src=\"https:\/\/maps.googleapis.com\/maps\/api\/js?key=AIzaSyCc_G23i1__QWEeJjEATqiiONbkfZr8018&callback=initMap\"><\/script><\/div><style type=\"text\/css\">.fusion-body .fusion-builder-column-3{width:100% !important;margin-top : 0px;margin-bottom : 20px;}.fusion-builder-column-3 > .fusion-column-wrapper {padding-top : 0px !important;padding-right : 0px !important;margin-right : 1.92%;padding-bottom : 0px !important;padding-left : 0px !important;margin-left : 1.92%;}@media only screen and (max-width:1024px) {.fusion-body .fusion-builder-column-3{width:100% !important;order : 0;}.fusion-builder-column-3 > .fusion-column-wrapper {margin-right : 1.92%;margin-left : 1.92%;}}@media only screen and (max-width:640px) {.fusion-body .fusion-builder-column-3{width:100% !important;order : 0;}.fusion-builder-column-3 > .fusion-column-wrapper {margin-right : 1.92%;margin-left : 1.92%;}}<\/style><\/div><\/div><style type=\"text\/css\">.fusion-body .fusion-flex-container.fusion-builder-row-3{ padding-top : 0px;margin-top : 0px;padding-right : 0px;padding-bottom : 0px;margin-bottom : 0px;padding-left : 0px;}<\/style><\/div><\/p>\n","protected":false},"excerpt":{"rendered":"","protected":false},"author":8,"featured_media":6240,"parent":0,"menu_order":0,"comment_status":"closed","ping_status":"closed","template":"","meta":{"footnotes":""},"acf":[],"_links":{"self":[{"href":"https:\/\/novogradnje-maribor.si\/dravski-kristali\/wp-json\/wp\/v2\/pages\/1604"}],"collection":[{"href":"https:\/\/novogradnje-maribor.si\/dravski-kristali\/wp-json\/wp\/v2\/pages"}],"about":[{"href":"https:\/\/novogradnje-maribor.si\/dravski-kristali\/wp-json\/wp\/v2\/types\/page"}],"author":[{"embeddable":true,"href":"https:\/\/novogradnje-maribor.si\/dravski-kristali\/wp-json\/wp\/v2\/users\/8"}],"replies":[{"embeddable":true,"href":"https:\/\/novogradnje-maribor.si\/dravski-kristali\/wp-json\/wp\/v2\/comments?post=1604"}],"version-history":[{"count":30,"href":"https:\/\/novogradnje-maribor.si\/dravski-kristali\/wp-json\/wp\/v2\/pages\/1604\/revisions"}],"predecessor-version":[{"id":12129,"href":"https:\/\/novogradnje-maribor.si\/dravski-kristali\/wp-json\/wp\/v2\/pages\/1604\/revisions\/12129"}],"wp:featuredmedia":[{"embeddable":true,"href":"https:\/\/novogradnje-maribor.si\/dravski-kristali\/wp-json\/wp\/v2\/media\/6240"}],"wp:attachment":[{"href":"https:\/\/novogradnje-maribor.si\/dravski-kristali\/wp-json\/wp\/v2\/media?parent=1604"}],"curies":[{"name":"wp","href":"https:\/\/api.w.org\/{rel}","templated":true}]}}